). Let t(g) = -3*g**3 - 3*g**2 + 1. What is t(a)?
13
Let q(c) = 3*c + 1. Let b(s) = 2*s**2 + 15*s + 4. Let l(p) = -b(p) + 5*q(p). Give l(-3).
-17
Let n be 4 + (17 - 9 - 1*4). Let w(x) = -x**2 + 11*x - 7. Determine w(n).
17
Suppose 0 = -5*k - n + 9, -4*k + 0*n + 5*n = -13. Let h(t) = 7*t + 1. Let y(w) = -16*w - 2. Let l(x) = 5*h(x) + 2*y(x). Calculate l(k).
7
Let n(m) = -m - 3. Suppose -3*b + 31 = -4*j, -3*b + 7 = -j - 3. Let k be j + (3 - 3 - -1). Calculate n(k).
3
Let p(s) be the third derivative of -s**4/12 - s**3 - s**2 - 28*s. Determine p(-4).
2
Let s(l) = -l**2 + 11*l - 41. Let x(r) = -2*r**2 + 23*r - 82. Let y(d) = 7*s(d) - 4*x(d). Calculate y(3).
5
Let k(s) = -s - 11. Let i(r) = 1. Let d(o) = i(o) + k(o). What is d(-8)?
-2
Let g(v) be the second derivative of -v**4/12 + 7*v**3/6 + 2*v**2 + 16*v + 3. What is g(11)?
-40
Let i = -217 + 222. Let l(j) = -j - 4. Give l(i).
-9
Let h(k) = k**2 + k + 4. Let o be h(0). Let w = 11 - 9. Suppose -3*m - o*b - 8 = 1, m + 3*b = w. Let p(r) = r**3 + 6*r**2 - 7*r + 9. Determine p(m).
9
Let l(u) = u**2. Let t be l(3). Suppose -6*b = -5*b + t. Let w be b*4*(-4)/(-48). Let g(x) = -x**3 - 2*x**2 + 2*x - 4. Determine g(w).
-1
Let u(q) = -q**2 + 5*q + 2 + 4*q**2 + 5*q**3 - 5*q**2 - 14*q. Let w(g) = -6*g**3 + 2*g**2 + 10*g - 2. Let a(s) = -5*u(s) - 4*w(s). Determine a(4).
-14
Let x(v) = v - 15*v**2 + 2*v**2 - 1 + v**3 - 5. Determine x(13).
7
Let u be 3/(9/(-4))*-3. Suppose -2*x = 10, -4*x - 26 = u*c + 10. Let o(a) = -2*a - 1. Determine o(c).
7
Let t = 1975 + -1972. Let j(d) = d**2 - d + 4. Determine j(t).
10
Let v(u) = -117*u - 583. Let l be v(-5). Let s(d) = d + d - 4*d + 5*d. Calculate s(l).
6
Suppose -48 + 41 = -c. Let h(t) = 1 + c + 6 - 12 - t. Determine h(6).
-4
Let c(z) = 0*z**3 - z**2 + 15*z**2 - 4 - z**3 + 0*z**2 + z. Give c(14).
10
Let u(n) be the second derivative of -n**5/10 + n**4/6 + n**3/3 - n**2 + 17*n. What is u(2)?
-6
Let z(c) = 7*c + 59. Suppose 0 = -p + 2*k - 5 - 0, 4*p - 5*k = -26. Determine z(p).
-4
Let y(p) be the second derivative of -p**6/120 + p**5/60 + p**4/24 - 7*p**3/6 + 3*p**2 - p. Let u(n) be the first derivative of y(n). Give u(0).
-7
Let l(m) = -m**2 + 14 - m - 19 + m. Let z(w) = w**2 + 10*w + 9. Let x be z(-9). Give l(x).
-5
Let n(o) = o**2 - 2. Let l(r) = -r**2 - 7*r - 36. Let k be l(-11). Let v = k - -76. Give n(v).
14
Let h(y) = y**3 + y**2 + y - 9. Suppose 5*d + 196 = -9*d. Let q be 0*(3 - d/(-4)). What is h(q)?
-9
Let h = 5 + 1. Suppose -4*l = 2 + h. Let p(x) be the second derivative of x**5/10 + x**4/6 - x**3/3 - 14*x + 1. Determine p(l).
-4
Let h be 7/5 - 8/20. Let n(b) = 7*b - 1. Let d be n(h). Let l(q) = -4*q**2 - 11*q + 1. Let t(j) = 5*j**2 + 12*j - 2. Let r(i) = -6*l(i) - 5*t(i). Give r(d).
4
Suppose -2*h - 19 = -4*n - 1, -5 = 5*h - 2*n. Suppose -z - 2 = h. Let t(x) = -6*x + 1 + 3*x - 2*x + 3*x. Determine t(z).
7
Let c(j) = j**2 + 12*j + 3. Let m be (3 + 66/(-12))*4. Calculate c(m).
-17
Let t(a) = a**3 + 5*a**2 + a - 4. Suppose 5*s + 4*l = 6*s - 18, 4*s - 12 = 4*l. What is t(s)?
6
Let r(g) = g**3 - g**2 - 4*g + 3. Let v = -15 + 17. Calculate r(v).
-1
Let r(f) = -f**3 - f**2 - 1. Suppose -2*p + 5*l = 2, 3*p + 2*p = 2*l - 5. Calculate r(p).
-1
Let l(a) = -3*a - 15. Suppose -j + 4 = 0, -v - 3*j + 15 = -2. Let w(y) = -2*y - 8. Let c(n) = v*w(n) - 3*l(n). What is c(5)?
0
Let b = 41 - 4. Let c(r) = r**3 - 35*r**2 + 2 - 4*r - b*r**2 + 69*r**2. Give c(4).
2
Let h(j) = j**2 - 3 - j + 0*j**2 - 8*j + 12*j. Calculate h(3).
15
Suppose -12*l - 2 = -62. Let t(n) = 6*n**2 - 6*n + 11. Let y(j) = 7*j**2 - 7*j + 10. Let q(p) = l*y(p) - 6*t(p). Determine q(0).
-16
Suppose 3*b + b = 2*s + 8, -4*s - 8 = -4*b. Suppose -36 = -4*x + 5*z, 4*x + 0*z + 4*z = 0. Let j(o) = -2*o**2 + 0*o - 2*o + x*o. Determine j(b).
-4
Suppose -2*j + 8 + 2 = 0. Suppose -j*c + 4 = -1. Let z(a) = 7 - 2 - a - c. Calculate z(7).
-3
Let d(p) = 1. Let t(w) = 6*w**2 - 5. Let b(a) = a**2 - 2*a + 1. Let h be b(6). Suppose -h = -5*r + 5. Let m(s) = r*d(s) + t(s). What is m(-1)?
7
Let q(h) = -h**3 - 29*h**2 - 28*h. Let g be q(-28). Let j(v) be the first derivative of g*v + 1/2*v**2 - 2. What is j(1)?
1
Let g(a) = -a**3 - 2*a - 7*a**2 - 3*a - 1 - 3. Suppose -38 - 61 = 11*w. Let i(l) = -4*l**3 - 29*l**2 - 20*l - 17. Let j(k) = w*g(k) + 2*i(k). Give j(-3).
5
Suppose -r - y - y = -5, -5*y = -20. Let b(c) = c - 1. Give b(r).
-4
Let b be -1 - (1 - 2)/((-12)/24). Let g = -2 + 2. Let q(u) = 0 + g + 2 + 4*u + 2. What is q(b)?
-8
Let a(j) = 50*j**2 + 21*j - 8. Let p(l) = -63*l**2 - 21*l + 7. Let f(v) = -5*a(v) - 4*p(v). What is f(9)?
-15
Let b(z) = z**2 + 7*z + 9. Let i be b(-6). Suppose -i*u - 9 = -6*u - a, -3*a = 2*u - 6. Let l(j) = j. Give l(u).
3
Suppose -29 - 35 = -4*u. Let n be 1*2 - (u + -16). Let l(d) = -2*d**2 + d - 1. Give l(n).
-7
Let q(n) = -14*n**2 + 3. Let v(g) = -g**2 + 1. Let m(h) = -q(h) + 3*v(h). Calculate m(1).
11
Let f(q) = q**3 + 2*q**2 + 2*q + 2. Let p be ((-5)/15*2)/(8/36). Let b = p + 1. Give f(b).
-2
Let f(j) = -j**2 + 6*j - 3. Suppose 6 - 10 = 2*r - 5*d, -5*d = -4*r + 2. Determine f(r).
6
Let w(p) = -p**3 + 9*p**2 - 9*p - 1. Suppose c - 5 = 0, 11*d - 25 = 6*d - 4*c. Let m be 24*(0 + d/3). What is w(m)?
-9
Let n(d) = -24*d. Let a = 122 - 152. Let q be a/105 + (-18)/(-14). Determine n(q).
-24
Let p(z) = -5*z - 2*z**2 + z**2 + 3*z. Let o be (-96)/40 - (21/(-35))/(3/(-3)). Determine p(o).
-3
Let q = -4 + 4. Let b be (5 - q) + (-27)/9. Let n(c) = -6*c - 2 - c**b + 2 + c - 3. What is n(-5)?
-3
Let w be ((-65)/15)/((-3)/9). Let g = -11 + w. Let v be (-3)/(-1) - (-4)/g. Let z(f) = -3*f + 6. What is z(v)?
-9
Let r(k) = 1. Let g(v) = v - 5. Let c(a) = g(a) - 2*r(a). Let t(p) = 283*p - 558. Let s be t(2). Determine c(s).
1
Let n(l) = -l**2 - l - 7. Let q = 18 - 13. Suppose -3*w = q*r, 0 = -w - 0*r + 4*r. Give n(w).
-7
Let c be 7 + (-5 + -5)/10. Let y(z) be the third derivative of 0 - 7/6*z**3 + 7/24*z**4 - 1/60*z**5 + 0*z + 2*z**2. What is y(c)?
-1
Suppose 0 = 2*w - 0*w. Let y = -109 + 111. Let d(r) = -2*r + r**2 - 6*r**y + 1 + w*r**2. Determine d(1).
-6
Suppose 2*y + 0 - 6 = 0. Let v = y + -5. Let l(x) = 7*x**2 - 6*x - 4. Let c(g) = 20*g**2 - 17*g - 11. Let k(s) = 6*c(s) - 17*l(s). Give k(v).
6
Let g(z) = -z**3 - 1 - 5*z + 4*z**2 + 2*z**2 + 0*z**2. Let h(o) = -1021*o - 4079. Let x be h(-4). What is g(x)?
-1
Let g(a) = -2*a**2 - 4*a + 1. Let m = -304 - -301. Determine g(m).
-5
Suppose 0 = -2*q + 7*q - 50. Suppose -o - q = -6*o. Suppose -4*h + 12 = 4*k, 0 = -0*k - k - o*h + 8. Let r(b) = b**3 - 2*b**2 - 4*b - 3. Give r(k).
-11
Let c(d) be the first derivative of -d**4/4 - d**3 + 3*d**2/2 - 5*d - 1. Let v be ((-8)/(-12))/((-3)/(-18)). Suppose 4*t + v + 12 = 0. Determine c(t).
-1
Let y(b) = 5*b - 7 + 16 - 1 + b - 9. What is y(-5)?
-31
Let d = 2 - -19. Let u be (9/d)/((-4)/(-28)). Let z(k) be the first derivative of k**4/4 - k**3/3 - 3*k**2/2 - 2*k + 1. Calculate z(u).
7
Let x(s) = s**3 + 19*s**2 + 16*s - 38. Let f be ((-1092)/455)/((-34)/(-30) - 1). Determine x(f).
-2
Let z(y) be the first derivative of -y**3/3 - 5*y**2/2 + y - 59. Calculate z(-4).
5
Let q(p) be the second derivative of -p**3/6 - 5*p**2/2 - 116*p. Determine q(7).
-12
Let s(l) = 4*l - 58. Let u be s(13). Let x(r) = r**2 + 10*r + 9. What is x(u)?
-15
Let a(z) = z**2 + 3*z. Let r = -15 - -20. Suppose 0 = 2*x + r*j + 21, 3*j + 6 = x - 0*x. What is a(x)?
0
Let y(q) = -q**3 - 6*q**2 - 8*q - 3. Let h(d) = d**3 - 10*d**2 + 24*d - 5. Let a be h(6). Determine y(a).
12
Let s = 30 + -28. Let m(d) = -2 + 2*d**2 - 1 + 3*d - 3*d**s - 5*d. Calculate m(-3).
-6
Let a(q) be the first derivative of -q**4/4 + 4*q**3/3 - q**2 + 5*q + 31. Determine a(4).
-3
Let q = -1 - -4. Let g(a) = -8*a + 9. Let k(b) = -15*b + 17. Let t(u) = q*k(u) - 5*g(u). Let i(x) = 3*x + 34. Let z be i(-10). What is t(z)?
-14
Let n(a) = -4 + 1 - a + 1. Suppose -k = 3*b, 2*k - b - 90 + 83 = 0. Give n(k).
-5
Let b = -2 + 5. Let f(q) be the second derivative of -q**4/12 + q**3/2 - q**2 + 2005*q. Determine f(b).
-2
Let p(h) = -h - 2. Let n(k) = -7*k + 6. Let d(m) = -n(m) - 4*p(m). What is d(2)?
24
Let z(y) = -y**3 + 5*y**2 + 9*y - 18. Let c be z(6). Let h(m) be the third derivative of -1/6*m**3 - 1/8*m**4 + 0*m + 3*m**2 + c. Determine h(1).
-4
Suppose -20 = 4*h - 0. Let y(c) = -9*c - 8. Let s(g) = -11*g 